 + 2 + 8*c + 6*c**2 + c**3 - 2. What is t(f)?
-11
Let g(y) = -y**3 + 3*y**2 - 4*y + 2. Let w = 4 - 0. Suppose 3*p + 3 = 4*l - 0, w*l = -3*p + 21. Calculate g(p).
-10
Let l(z) = z**2 + 12*z - 33. Suppose -25 = 2*g - i, -g + 28*i = 24*i + 2. Give l(g).
-5
Let f(d) be the second derivative of d**6/720 + d**5/60 + d**4/3 + 36*d. Let g(o) be the third derivative of f(o). What is g(-2)?
0
Let y be -1 - (-1 - 3) - 6/3. Suppose -7 - y = 2*t. Let d(o) be the second derivative of 5*o**3/6 + 5*o**2/2 - o. What is d(t)?
-15
Let j be 5/(-30) + (-102)/36. Let f(g) = g + 5. Calculate f(j).
2
Suppose o + 3*c = 12, o + 2*c - 18 = -3*c. Suppose 5*u + l = o*l - 6, 0 = 3*u - 5*l + 15. Let d(v) = -v**3 + v**2 + v - 3. What is d(u)?
-3
Let s(k) = -k**3 + 4*k**2 - 2*k - 1. Let y be (-422)/(-3165) + (0 - 116/(-30)). What is s(y)?
-9
Let i(k) = -11*k + 53. Let y be i(5). Let l(u) = u + 11. Determine l(y).
9
Let n(g) = g**2 + 8*g - 13. Let d be n(-9). Let r(b) = 151*b - 9. Let h(c) = 189*c - 11. Let k(p) = -4*h(p) + 5*r(p). What is k(d)?
3
Let n = -64 + 70. Suppose -n*j = -4*j - j. Let z(t) = -t - 2. Calculate z(j).
-2
Let k(b) = -b**2 - 7*b - 4. Suppose -4*p + 0 - 12 = 0. Let s be 2 - (-4)/(-7 - p). Let l be s - 7 - (3 - 2). Calculate k(l).
-4
Let t(p) = -p - 3. Let d be t(-5). Let x be 13/d - 14/28. Let q(i) be the second derivative of i**4/12 - 3*i**3/2 + 3*i**2/2 - 3*i. Determine q(x).
-15
Let t = -4 - -4. Suppose t = 4*s + 4*b + 19 + 1, 3*s + 19 = b. Let w(v) be the second derivative of -v**4/12 - v**3/2 + 3*v**2 + 2*v + 1. Give w(s).
-12
Let q(a) = -a**2 + 6*a - 9. Suppose 2*m = 49 - 39. Suppose -45 = -m*b + 3*g - 12, -g = -b + 7. Calculate q(b).
-9
Let b(y) be the second derivative of y**4/12 + 2*y**3/3 + 3*y**2/2 - 29*y. Calculate b(-3).
0
Let t(s) = -s**3 - 5*s**2 - 5*s - 5. Let b be (10 - 5)*((-6)/5)/3. Give t(b).
-7
Let x(t) = 2*t - 18. Let g be x(8). Let y(b) = b**3 - b**2 + 3*b + 3. Give y(g).
-15
Let f(t) = -t**3 + 4*t**2 + 3*t - 15. Let c be f(4). Let b(o) = o + 1. Determine b(c).
-2
Let g = 1230 - 1229. Let l(m) = 2*m + 1. Determine l(g).
3
Let z(f) = f**3 + 5*f**2 - 6*f + 5. Let q(o) = 2*o + 26. Let k be q(-16). Calculate z(k).
5
Let t(c) = -c**2 - 8*c - 9. Let o be (1 - (-10)/(-2)) + 6. Let s(r) = -2*r + o*r + 10 - 2*r + 3*r. Let h be s(-16). What is t(h)?
3
Let r(p) = 0 + 2*p + 10*p**2 - 5 + 2*p - p**3 - 5*p**2. Let q(v) = v**2 - 4. Let n(a) = a + 1. Let k be n(2). Let x be q(k). Calculate r(x).
15
Let j(p) = 5*p - 1. Suppose 3*z = -2*k - 7, -28*z - k - 6 = -24*z. Determine j(z).
-6
Let c(q) = 13*q - 12. Let z(a) = -11*a + 10. Let l(s) = -5*c(s) - 6*z(s). Calculate l(11).
11
Suppose 0 = -27*q + 32*q - 5. Let x be (q - 2)/((-1)/6). Let v(l) = l**3 - 7*l**2 + 3*l + 7. Calculate v(x).
-11
Let h(m) = 6 - 40*m + m**3 + 6*m**3 - 13*m**2 + 35*m. Let a(t) = -3*t**3 + 6*t**2 + 2*t - 3. Let x(w) = -5*a(w) - 2*h(w). Suppose -9 + 1 = -2*u. What is x(u)?
3
Suppose -2*r + 3*k = -260, -6*r + 502 = -2*r + 3*k. Suppose 0 = -132*w + r*w - 15. Let v(g) = -g + 2. What is v(w)?
5
Let i = 21 + -21. Suppose -2*d - 2*d + 2*j = i, -4*d - 5*j = -28. Suppose -r + 0 = d. Let n(y) = 6*y**2 + y - 1. Determine n(r).
21
Let i(l) = 7*l**2 - 3*l - 7. Let o(m) = 21*m**2 - 8*m - 19. Let k(g) = 8*i(g) - 3*o(g). Let h be -2 + 0 + 6/3. Let d = h + -1. What is k(d)?
-6
Suppose -164*x = -162*x - 14. Let m(q) = -q**2 + 6*q + 7. What is m(x)?
0
Suppose -4*r + 7 + 1 = 0. Let u(m) = 3*m**2 - 2*m + 1. Determine u(r).
9
Let i(t) = -2*t + 2. Suppose -4*h - 17 = -q, 0*h - 1 = -3*q + 2*h. Determine i(q).
8
Let m(v) = v**3 - v**2 - v + 1. Let l = -16 - -17. Let x be -2*((3 - l) + -1). Let s be 1*(0 + (-2 - x)). Calculate m(s).
1
Let q(t) = -11 - 55*t + t**2 + 0*t**2 + 63*t. What is q(-8)?
-11
Let y(k) = k**2 + 13*k + 10. Let r be y(-12). Let a(z) = -z**2 - 1186 + 1189 + z + z. Calculate a(r).
-5
Suppose 7*j - 143 - 543 = 0. Let q = j + -94. Let f(c) = c - 3. Give f(q).
1
Let l(u) = u + 1. Let z(p) = -2*p + 6. Let i(m) = 6*l(m) - z(m). Let o be 5 - (-11 + 11) - 4. Calculate i(o).
8
Let q = -11 - -6. Let j = -1 - -3. Let u(i) = 5 - j*i - 2*i + i + 4*i. Calculate u(q).
0
Let q(t) be the first derivative of t**2/2 + 2*t + 4. Let k be q(2). Let b(d) = 6*d - 8. Let j(m) = 9*m - 12. Let u(r) = -8*b(r) + 5*j(r). What is u(k)?
-8
Suppose -m = -4*t + 4 + 39, 0 = -2*m - 4*t - 62. Let z = 9 - 42. Let v = z - m. Let w(x) = 4*x - 3. Determine w(v).
5
Let r be 2 - (0 + 0/2). Let m(k) = -3*k**2 + k + 0 - r + 6*k**2. Let w = -1530 + 1528. Calculate m(w).
8
Let u(b) = -2*b + 4 + 4*b - 3*b - 1. Suppose 2*f = -2*t + 13 + 29, -t - 2*f = -18. Let g = -19 + t. What is u(g)?
-2
Let a = 7 - 4. Let c(v) = v**2 + v. Let p(l) = -3*l - 3. Let q(b) = -c(b) - p(b). Let s(f) be the first derivative of q(f). What is s(a)?
-4
Let g(b) = b + 6. Let r = -12 - -15. Suppose 0 = 3*w - 2*u + r, -3*w - u = -0*u + 12. Give g(w).
3
Let p(j) = 4 + 28*j + 1 - 27*j. Calculate p(-2).
3
Let u(n) = -21*n - 15*n - 3 + 44*n. Let j(h) = 9*h - 3. Let s(o) = -4*j(o) + 5*u(o). Give s(3).
9
Let k(w) = -w**3 + w**2 + 3*w + 4. Suppose -4*t + t + 5*g = -93, 3*t + 2*g = 114. Suppose -15*q + 9 = -t. Calculate k(q).
-5
Suppose -8*q - 74 = -58. Let o(a) = -5*a**2 - a - 2. Calculate o(q).
-20
Let i(w) = -w**2 - 3*w + 2. Let y be (-47)/(-9)*3 - 8/12. Suppose -24 = 5*o + p, -o - 5 = 4*p + y. Determine i(o).
-2
Suppose -11 = r - 3*g - g, -4*r - 10 = g. Let u be (-4*2/(-4))/2. Let c be ((-16)/(-24))/(u/r). Let h(q) = -q. Give h(c).
2
Suppose -8*r - 27 = -83. Suppose r*g = 12*g - 30. Let w(a) = -a**2 + 6*a - 6. Calculate w(g).
-6
Let l(n) = -n**2 + 9*n - 9. Let d(b) = b + 1. Let c(p) = p + 1. Let f(y) = -c(y) - 6*d(y). Let v be f(-2). Calculate l(v).
5
Let d be 1 + (-4 - 19) + 0. Let k be d/(-11) + (-2 - 1 - 0). Let g(j) = -1 - 1 + 1 - 3*j. What is g(k)?
2
Suppose -4 = -32*f - 36. Let k(r) = -4*r**3 + r + 1. Give k(f).
4
Let t(w) = -10*w + 2. Let y(k) = -2*k. Let i(c) = -t(c) + 3*y(c). Suppose 2*f = -q + 4*q - 10, 3*f = -q - 15. Calculate i(f).
-22
Let p(d) = -7*d**2 - 9*d - 4. Let g(h) = -h**2 - h. Let f(m) = -6*g(m) + p(m). Let z(t) = t. Let b = -11 - -7. Let r be z(b). Calculate f(r).
-8
Let q(a) = -a**2 - 9*a - 11. Let y = 82 + -89. Determine q(y).
3
Let z(h) = -3*h + 6. Let t be -4 + 7 - 3 - -3. Suppose 1 + 10 = -r - t*f, 5*r - 4*f = 40. Calculate z(r).
-6
Let w(k) = -3*k + 1. Let y(h) = -h + 1. Let n(l) = l + 28. Let f(t) = -n(t) + y(t). Let o be f(-18). Suppose -5*v = -o*v + 12. Give w(v).
-8
Let r(z) be the first derivative of z**3/3 + 3*z**2/2 - 5*z + 28. What is r(-5)?
5
Let c(i) be the first derivative of -2*i**3/3 - 13*i**2/2 + i + 6. Let y be c(-7). Let j(p) = p + 5. Determine j(y).
-1
Let o = 914 - 905. Let q(f) = f**2 - 10*f - 2. What is q(o)?
-11
Let t(u) = -u**3 + u + 2. Let x(c) = c**2 + 3*c - 10. Let v be x(2). Give t(v).
2
Suppose 5*h = 2*x - 128, 20 = -7*h + 2*h. Let t be (x/45)/(6/50). Let j(b) = 2*b - 11. Give j(t).
9
Suppose -2*z = -4*k + 8, -4*z + 5 - 15 = -2*k. Let b(r) = k - r**2 + 3 - 1 - 5*r + 2. What is b(-6)?
-1
Suppose 0*v = -4*v + a - 6, 4*a = 4*v. Let u(s) = -s - 2101 + 1051 + 1054. Let b(c) = 1. Let g(t) = v*b(t) - u(t). Give g(5).
-1
Let u(l) = 6*l**3 - 2*l**2 - 2*l - 1. Suppose -13 = 3*x + 5*a, -3*x + 3 = -a - 2*a. What is u(x)?
-7
Suppose 9 = n - k, -2*n + 4*n - k = 17. Let l(o) = -7*o + 7. Calculate l(n).
-49
Let g(b) = b - 3. Let l be (-4)/10 + 1332/180. Calculate g(l).
4
Let i(y) = 7 - 10*y + 7*y - 16. Calculate i(-4).
3
Let s be (-63)/14*(1 - 5). Let o be s/12 + 1/2. Let g(k) = -3 - o*k + k - 4. Calculate g(-5).
-2
Let l(a) = 0*a - a - 525*a**2 + 527*a**2 + 12*a**3. What is l(1)?
13
Let s(r) be the third derivative of -r**5/15 + r**4/24 + r**3/6 + 2*r**2. Suppose -4*p - 148*c = -152*c - 8, -4*c = 4*p + 16. What is s(p)?
-4
Let i(k) be the second derivative of -k**3/2 - 53*k**2/2 + 20*k - 6. Determine i(-16).
-5
Let v(t) = -3*t**2 - 7*t - 6. Let g(n) = -n**2 - 1. Let w(i) = -2*g(i) + v(i). Suppose 3*a - 125 = -2*a. Suppose 0 = -9*l + 4*l - a. Give w(l).
6
Let z(a) be the first derivative of -5 + 0*a - 1/24*a**4 - 3/2*a**2 + 0*a**5 - 1/3*a**3 - 1/120*a**6. Let n(y) be the second derivative of z(y). Give n(0).
-2
Suppose -n + 9*n = 6*n. Suppose n*y = 4*y + 8. Let z(b) = -2*b**2 - b + 2. Give z(y).
-4
Let r(t) be the first de